15*1 + (-1 - -2).
14
Let j be ((-3 + 12)*2)/(2 - 0). Calculate the remainder when 105 - (6 + j/3) is divided by 22.
8
Let x = 49 - 46. Suppose i - 135 = -i + 5*v, -x*i + 5*v = -190. What is the remainder when i is divided by 15?
10
Let j = -714 + 751. Suppose 3*a + 96 = 6*a. Let n = j - a. Calculate the remainder when n is divided by 5.
0
Calculate the remainder when 2408 is divided by ((-3)/5)/((-153)/2805).
10
Calculate the remainder when 316 is divided by (34 - -2)*9/18.
10
Suppose -78*f = -68*f - 450. Calculate the remainder when 153 is divided by f.
18
Let h = 61 + -37. Let k(l) = -2*l**2 - 14*l + 23. Calculate the remainder when k(-5) is divided by h.
19
Suppose a + 38 = 3*a. Suppose y - 117 = -d, -5*y = 2*d + 51 - 618. Calculate the remainder when y is divided by a.
16
Let q(l) = 6*l**3 - 99*l**2 + 17*l - 56. Calculate the remainder when q(18) is divided by 66.
64
Suppose 268 = 14*b - 1104. Let d = b - 87. Calculate the remainder when (4/4)/(2/82) is divided by d.
8
Suppose 54*r = 59*r - 25. Suppose 0 = 5*a + r, 19*n - 5*a + 103 = 23*n. What is the remainder when 186 is divided by n?
24
Let u(k) = -439*k - 2700. Calculate the remainder when u(-9) is divided by 90.
81
Let p(v) = -4*v - 1. Let c(g) = 16*g - 135. Let a(r) = -c(r) - 6*p(r). What is the remainder when -2*(-2)/4 + 75 is divided by a(-16)?
11
Calculate the remainder when (17 - 1392/72)*(-1 - 5) is divided by 6.
2
Suppose -4*s + 39396 = -4*t, 8*s = 13*s - 3*t - 49253. Calculate the remainder when s is divided by 64.
61
Let b(f) be the first derivative of 2*f**2 - 7*f + 1. Calculate the remainder when (-3)/((1440/(-1725))/32) is divided by b(9).
28
Suppose -2*c + 1976 = 4*n, -2*n = 3*c - 5*c - 1000. Let k = n + -477. What is the remainder when 72 is divided by k?
15
Let w(o) = -467*o + 15158. Let d(g) = 7*g + 3. Calculate the remainder when w(32) is divided by d(3).
22
Suppose -4*b = 413 - 489. What is the remainder when 824 is divided by b?
7
Suppose 1356 = -115*z + 127*z. What is the remainder when z is divided by 93?
20
Let s(t) = 176*t**2 + 163*t + 3. Calculate the remainder when 7391 is divided by s(-1).
15
Calculate the remainder when 437 is divided by (63 - 62)*10/6*15.
12
Suppose 2*h + 5*n - 2198 = -884, 3*h - 4*n = 1994. Let x = 691 - h. Calculate the remainder when x is divided by 9.
2
Suppose 3*z = 4*o + 33, -3*z - z + 13 = 5*o. Let u = 197 - 200. Calculate the remainder when -3*539/(-105) - u/5 is divided by z.
2
Suppose 4*j - 5*j = -74. Suppose -84*c + 207*c - 8487 = -84*c. What is the remainder when j is divided by c?
33
Suppose -1323 = -2*n - 863. Suppose 79*f - 56*f - n = 0. Calculate the remainder when 278 is divided by f.
8
Let c(f) = -f. Let p be c(-3). Suppose 4*o - 3*o - p = 0. Suppose 220 = -o*s + 5*s. What is the remainder when s is divided by 56?
54
Let g(m) = 7*m + 14 - 3*m + 4*m - m**2. Suppose 22*c - 77 = 121. Calculate the remainder when g(c) is divided by 2.
1
Suppose -4*w + 3044 = 4*p, 259 = w - 5*p - 502. Let r = w + -425. Suppose -3*j + r = -3*f, 2*f + 20 = -2*f. What is the remainder when j is divided by 27?
26
Suppose 0 = -3*p - 5*i + 22, 3*i = 5*i - 4. Suppose 2*m - 117 = -5*q, p*q - m - 84 = -5*m. What is the remainder when 114 is divided by q?
14
Suppose 0 = -4*a + 2*n + 678, -61*n + 64*n - 21 = 0. Let v = -60 - -105. Calculate the remainder when a is divided by v.
38
Let x(i) be the first derivative of 3*i**4/2 - i**2 - 2*i - 2. Suppose 78*f = 94*f - 48. Calculate the remainder when x(f) is divided by 39.
37
Suppose -4*b = v + 1, -4*v - 3*b - b = 64. Let w(i) = i**3 + 21*i**2 - i - 41. Let s be w(v). Let t = s - -30. What is the remainder when t is divided by 3?
1
Suppose 728 = 23*q - 445. Calculate the remainder when 1068 is divided by q.
48
Suppose 0 = -75*q + 34*q + 492. Calculate the remainder when 209 is divided by q.
5
Let v be 4/8 + ((-3189)/(-6) - 0). Suppose 32*k - v = 28*k. Suppose -4*m - o = -k, 3*m - 62 = m - 2*o. What is the remainder when m is divided by 9?
7
Suppose -3*m = 3*q + 33, q = -3*m + 5*q - 61. Calculate the remainder when 18/5*(-200)/m is divided by 9.
3
Calculate the remainder when 2811 is divided by (4/(-3)*-201)/((-20)/(-15)).
198
Calculate the remainder when 1162 + -23 + -14 + 34 is divided by 25.
9
Suppose -4*p = p - 20. Suppose -w + 32 = -p*x, 0*w - 2*w - 2*x + 54 = 0. Let q = -260 - -268. What is the remainder when w is divided by q?
4
Let o(g) = 26*g**2 - 195*g + 1107. Calculate the remainder when o(6) is divided by 219.
216
Let z be 4/((-60)/9) + (-6508)/(-5). Suppose 5*p + 4*f - z = 0, -937 = -3*p - 4*f - 150. Suppose -9 + p = 2*a. Calculate the remainder when a is divided by 25.
24
Suppose 2135*v = 2124*v + 153417. Calculate the remainder when v is divided by 225.
222
Let p(d) = d**3 - 17*d**2 + 55*d + 83. Calculate the remainder when 266 is divided by p(12).
13
Let t = 224 + -124. Let h = -100 + t. Suppose -4*g + 4*z + 8 = 0, h = 3*g + 4*z - 17 - 24. Calculate the remainder when 54 is divided by g.
5
Let f = -2049 + 2198. Calculate the remainder when 535 is divided by f.
88
Suppose b = 6 - 0. Let k(f) be the first derivative of 2*f**3/3 - 3*f**2/2 + 8*f + 257. Calculate the remainder when k(b) is divided by 32.
30
Let v(h) be the second derivative of 2*h**3 + 35*h**2 + 43*h. What is the remainder when v(0) is divided by 15?
10
Suppose 2*y - 2*p = -2 + 4, -2*p = -3*y + 6. What is the remainder when (2/5)/(2/70) is divided by y?
2
Let v be (-59)/(-6) + (-9)/(-54). Let y = 13 - 2. What is the remainder when 75/10*48/v is divided by y?
3
Let w = -5066 - -5073. Calculate the remainder when 151 is divided by w.
4
Suppose -248251 = -4524*k + 4507*k. What is the remainder when k is divided by 12?
11
Suppose 63*u - 164964 = -170*u. What is the remainder when u is divided by 118?
0
Suppose -171 - 5 = -4*j. Suppose 2*q + 0 = 4. What is the remainder when -2 + q + 2 - 6*-14 is divided by j?
42
Calculate the remainder when 180/520*13*4156/6 is divided by 34.
23
Suppose 702 = -4*z - 858. Let y = 414 + z. Calculate the remainder when y is divided by 12.
0
Let n be (-2)/2 - -2 - 1. Let s be (2 - 3 - -2)*(0 + n). Suppose -m - m + 43 = 3*p, s = 3*p + 4*m - 41. Calculate the remainder when 41 is divided by p.
11
Let u(h) = -h**3 + 4*h**2 + 6*h + 3. Suppose -4*r = 16, -79 - 128 = -3*c - 3*r. Calculate the remainder when c is divided by u(5).
1
Let h(u) = 2664*u - 85199. Let a = -2 - -17. What is the remainder when h(32) is divided by a?
4
Suppose -v + 98 = -f - 29, 3*f - 487 = -4*v. Suppose h + 3*a = 6*a + 48, 3*h = -a + v. Calculate the remainder when 124 is divided by h.
40
Let j(x) = -18*x + 1030. Suppose l = 2*a - 3*l - 26, -a - 4*l = 11. What is the remainder when j(54) is divided by a?
3
Suppose 59*q - 1370 = -78*q. Let j(g) = -g**2 + 2*g - 3. Let o be j(3). Let z = o + 9. What is the remainder when q is divided by z?
1
Let a = -74 + 126. Calculate the remainder when a is divided by (-182)/(-6)*1668/3892.
0
Suppose i + 0*i - 8 = 0. Let w(n) = -11*n - 65. Let r be w(-6). What is the remainder when 156*(1 + r/(-2)) + -1 is divided by i?
5
Let j(u) = 34*u + 19 + 10 + 7 - 35*u - 11. Calculate the remainder when 971 is divided by j(-2).
26
Let k = -115 - -262. Let b = -132 + k. Calculate the remainder when 73 is divided by b.
13
Suppose 1220*u = -20895 + 23335. Suppose 3*n = -j - 4, 3*n = -4*j - n + 16. Let f = j - 5. What is the remainder when f is divided by u?
1
Calculate the remainder when 8/6*129/86 - (-1 + -27896) is divided by 18.
17
Let o(c) = 18*c**2 + c. Let m be o(1). Let u = 24 - m. Suppose -b - 5*j + 91 = 0, -u*b - j + 395 = -6*j. Calculate the remainder when b is divided by 28.
25
Suppose -88*p = -83*p - 3*r - 84, -2*p + r = -33. What is the remainder when 2008 is divided by p?
13
Let w(f) = f**3 + 15*f**2 + 48*f + 18. What is the remainder when 103 is divided by w(-10)?
27
What is the remainder when 67587/117*(5 + -2) is divided by 62?
59
Let w(r) = -r**3 + 16*r**2 + 2. Let i be w(16). Suppose -i*b = 8*b + b. Suppose 25 = 2*m - 2*h - 13, -h - 4 = b. Calculate the remainder when m is divided by 4.
3
Let m = -8 + 41. Let a = -243 + 270. What is the remainder when 12/(-54) - (-5271)/a is divided by m?
30
Let v be -5*1*(-8 + 7). Suppose 3*i + 0*y - 22 = 5*y, v*i + 5*y = 10. Suppose -i*o + 160 + 12 = 0. Calcu